 = -t + 25, -p*t + o + o = -7. What is the greatest common divisor of 10 and t?
5
Suppose 5*j = -4*n + 6, 3*n - 5*j = 30 - 8. Let y(i) = 9*i - 3*i + 0 - n. Let z be y(4). What is the highest common divisor of 50 and z?
10
Suppose -4*v - 325 = -857. Let h = -113 + v. Calculate the highest common factor of 8 and h.
4
Let u(v) = 8*v - 21. Let l be u(3). Let z be -1*1*-3*1. Suppose -z - 1 = -2*h. What is the highest common divisor of l and h?
1
Let u(q) = q**2 + 10*q - 21. Let m be u(5). Calculate the highest common factor of m and 36.
18
Let z be 30 - (0 - 2)*-2. Let k = 6 + -4. Suppose -3*t - 5*l = -142, 2*t + k*l - 166 = -2*t. What is the greatest common divisor of t and z?
13
Suppose -5*m + 1 = -14. Suppose -5*x - 3*o + 11 = -4, -o = m*x - 9. Suppose 0 = -6*u - 3*u + 9. What is the greatest common factor of x and u?
1
Suppose 2*s - 108 = -8. What is the highest common factor of 20 and s?
10
Let q(s) = 28*s - 10. Let m be q(3). Suppose 2*j = 5*j + b - m, 4*j + 4*b = 88. Calculate the highest common divisor of 130 and j.
26
Let u(q) = -12 + 27 + 68 + 22 - q. Suppose 2*i = i. Let j be u(i). What is the greatest common factor of 15 and j?
15
Let c be (-24)/30*(1890/(-4))/9. Calculate the greatest common factor of 1134 and c.
42
Let v = 52 + -23. Suppose 0*y + 803 = 4*s + 3*y, -6 = 2*y. Calculate the greatest common factor of v and s.
29
Let w be 3 + 2/3*-3. Let h = 224 + -213. Calculate the highest common divisor of w and h.
1
Suppose -4*h + 2*d - 315 + 1663 = 0, h - 346 = 5*d. Suppose -5*u = 136 - h. What is the highest common factor of 24 and u?
8
Let u be ((16/5)/(-2))/(2/(-10)). What is the highest common factor of u and 4?
4
Suppose -w - 4*w - 2*o - 13 = 0, -9 = 5*w + o. Let j be 80*(w + (-12)/(-8)). Calculate the highest common divisor of 100 and j.
20
Let i be (-295)/(-59) + 0 + 1 + 184. What is the greatest common factor of i and 50?
10
Let j = -13 - -146. What is the greatest common divisor of 76 and j?
19
Suppose 3*a = i + 25, -4*i = 4*a - 5*i - 34. Let z(q) = 3*q - 19. Let n be z(a). What is the greatest common factor of n and 4?
4
Suppose 3*r + r + 4*y = -16, 5*y - 50 = 5*r. Let a = 25 + r. What is the greatest common factor of a and 144?
18
Let a = 9 - 6. Let j be -12*(-2 + a/6). Let n be (-3)/((-34)/(-36) - 1) - 0. Calculate the highest common factor of n and j.
18
Let f be (-200)/(-90) - -5 - (-4)/(-18). Calculate the highest common factor of f and 7.
7
Let v(p) = p**2 + 6*p - 4. Let b be v(-7). Let t(o) = 3*o. Let s be t(1). What is the highest common divisor of b and s?
3
Suppose -a = 0, -3*c + 160 = -8*c - 2*a. Let z = -20 - c. What is the greatest common factor of 12 and z?
12
Let w be 5*1 + 47 + -26. What is the greatest common factor of 6 and w?
2
Let t = -136 - -149. Suppose 0 = -7*q + t + 253. What is the highest common divisor of q and 228?
38
Suppose 10*h - 11*h = 0. Suppose -2*m = -h*m. Suppose -5*q + 19 = g, -g + 5*q - 1 = -m. What is the greatest common factor of g and 18?
9
Suppose -3*x - 37 = -0*y - 5*y, -3*y + 19 = -5*x. Let i be 6/15 + 2/(-5). Suppose -3*t + y*t - 20 = i. What is the greatest common factor of 16 and t?
4
Suppose 85 - 1633 = -9*y. What is the greatest common factor of 43 and y?
43
Let a(t) = 36*t - 1. Let i be a(2). Suppose -121 = -2*m + i. Let c be 1/6 - 994/(-84). Calculate the highest common divisor of c and m.
12
Let b be (6/10 - (-1674)/60)*2. Calculate the highest common factor of 19 and b.
19
Suppose 216*g = 223*g - 84. What is the greatest common factor of 516 and g?
12
Let w be 25/9 + (-14)/(-63). Let u(n) = n - 1. Let j be u(w). What is the greatest common divisor of j and 5?
1
Suppose 7*i = 5*i + 6. Let x be (-1352)/(-72) + 4/18. Let o be (1 - x)*(-36)/24. Calculate the greatest common divisor of i and o.
3
Let z be (3/(-2))/((-3)/6). Let h = 6 - z. What is the highest common divisor of 3 and h?
3
Let o = 3984 + -1863. What is the greatest common divisor of o and 21?
21
Suppose 3*h - 8*t = -11*t + 72, -5*t - 56 = -3*h. Calculate the greatest common factor of 88 and h.
22
Suppose -b - 4*h + 14 = 0, -4*b + 0*b - h + 86 = 0. What is the greatest common divisor of 286 and b?
22
Suppose 4*a + 190 = 254. Suppose t - 1 = -0. Let i = t - -7. Calculate the greatest common divisor of a and i.
8
Let x be (22 - -6) + 2/(-2). Let r(v) = 4*v**2 - 27*v - 2 + x*v. Let s be r(-3). Calculate the greatest common divisor of s and 85.
17
Suppose 4*m - 6 = -3*c, m - c = 3*m - 2. Let a = 3 + m. Let b be 51 - (-2)/((-2)/a). What is the greatest common factor of 12 and b?
12
Suppose -228 = -4*p - 2*i, -2*p + 197 = p - 5*i. Let g = -57 + p. What is the highest common divisor of 6 and g?
2
Let n(c) = -2*c**2 - 8*c - 1. Let w(d) = 4*d**2 + 16*d + 2. Let v(j) = -5*n(j) - 2*w(j). Let l be v(-4). Calculate the highest common divisor of 8 and l.
1
Suppose -35*b = 10*b - 7200. What is the greatest common divisor of b and 240?
80
Suppose 0 = 239*o - 228*o - 825. What is the highest common factor of 375 and o?
75
Let s be 68/8*2/1. Let u = -21 + 22. What is the greatest common factor of s and u?
1
Let n(d) = d. Let r be n(4). Let g be ((1 + 5)/3)/2. Suppose -2*j - 5*u + 7 = 0, -4*j - j = -r*u - g. What is the highest common factor of j and 1?
1
Let i = -10 + 13. Let k be (-1 + -2)*i*-1. Let m be (-26)/(-4) - k/(-6). Calculate the greatest common divisor of 8 and m.
8
Let k be (-102)/4*(-24)/36. Suppose 0 = f + 9 - k. What is the greatest common factor of f and 40?
8
Let c(u) = u**3 + 2*u**2 - 3*u - 5. Let k be c(-2). Let w be 5 - 4 - k*5. Let f be (-26 - 2)*1/w. What is the greatest common divisor of 77 and f?
7
Suppose 3*o - 349 - 823 = -s, -4*o - 3*s + 1556 = 0. Calculate the highest common factor of 49 and o.
49
Suppose 0 = -2*g + 4*b - 2 + 48, -g - 3*b + 3 = 0. Suppose -h + g = 4. Let o(i) = i**2 + 3*i - 7. Let m be o(5). Calculate the highest common factor of m and h.
11
Let p be -11*(3 - 3 - 12). Let q = -327 - -339. Calculate the highest common factor of p and q.
12
Suppose 107 = 2*o - q, 3*o + q - 159 = 4*q. Suppose o = a - 0*a. Let y = 58 + a. What is the highest common factor of y and 16?
16
Let b(a) = 3*a - 8. Let u be b(6). Let i(c) = -2*c**2 - 20*c + 7. Suppose 6 + 21 = -3*h. Let v be i(h). Calculate the greatest common factor of u and v.
5
Let o = -33 - -48. Let v be (-19 + o)/(2/(-7)). What is the highest common factor of 28 and v?
14
Let u be (-2)/9 + 9*348/972. Suppose -5 = -2*c - 3. What is the highest common divisor of c and u?
1
Suppose -4*h + 651 = 3*x, -318 = -0*h - 2*h - 4*x. What is the highest common divisor of 15 and h?
15
Suppose -960 = 92*z - 96*z. What is the greatest common factor of z and 45?
15
Let w = 24 - 10. Let y(h) = -h + 1. Let i be y(4). Let l be 4 + 20/i*-12. Calculate the highest common divisor of l and w.
14
Let l be 25*4/(-1 - -3). Suppose 78 = -4*t - l. Let v be (-150)/(-8)*t/(-6). Calculate the highest common factor of 20 and v.
20
Let p(g) = -g**3 + 11*g**2 + 15*g - 18. Let b be p(12). Calculate the highest common factor of b and 54.
18
Let p(k) = 2*k - 8. Let c be p(6). Suppose -86 = 5*y - 5*m + 9, -2*m = 2*y + 38. Let a be (-15)/20 - y/4 - 2. What is the greatest common divisor of a and c?
2
Suppose -i - 3 = -p, 4*p + i - 18 = -i. Suppose w = -5*n + 3 - 2, 3*n = 0. Let x be (8/16)/(w/64). Calculate the highest common factor of x and p.
4
Let b = -13 + 46. Let h(k) = 12*k**2 - 2. Let s be h(3). Suppose 8*q - s = 70. Calculate the highest common factor of q and b.
11
Suppose -5*q + 262 = -4*h, -4*q + h + 4*h + 215 = 0. Let k = 15 + q. What is the highest common divisor of k and 26?
13
Let d(r) = -r**2 - 17*r + 12. Let n be d(-16). Suppose -2*c = -2 - 12. What is the highest common divisor of n and c?
7
Suppose 14*f - 21 = 7*f. Let i be 1 + f + -3 + 14 + 3. Calculate the greatest common factor of i and 63.
9
Suppose 6*a - 2*a - 12 = 0. Suppose a*i - 4*i = -84. What is the highest common divisor of 21 and i?
21
Let c be 7599/68 - 1/(-4). Calculate the highest common divisor of 32 and c.
16
Suppose 0 - 36 = 3*i. Let h(w) = -w + 20. Let m be h(i). Let s be (-2 + 1)/((-8)/m). Calculate the highest common divisor of s and 6.
2
Let k(f) = f**2 - 3*f - 2. Let j be k(4). Suppose 349 = j*n + 63. What is the greatest common factor of n and 13?
13
Let q(g) = -4*g + 3. Let l be q(-8). S